16) to base 8
-4
85 (base 15) to base 5
1000
-232 (base 10) to base 6
-1024
What is 13 (base 11) in base 12?
12
Convert -152 (base 6) to base 2.
-1000100
What is -10111 (base 2) in base 4?
-113
Convert 3 (base 16) to base 9.
3
1 (base 8) to base 16
1
-17 (base 14) to base 2
-10101
What is -10 (base 12) in base 2?
-1100
7 (base 15) to base 7
10
37 (base 9) to base 5
114
What is -3 (base 11) in base 16?
-3
What is 1 (base 3) in base 16?
1
21 (base 8) to base 15
12
8b (base 12) to base 7
212
-17 (base 10) to base 11
-16
Convert -124 (base 7) to base 15.
-47
Convert -434 (base 6) to base 13.
-ca
2 (base 6) to base 11
2
e (base 15) to base 8
16
What is 4 (base 13) in base 14?
4
Convert 3 (base 4) to base 11.
3
5 (base 9) to base 8
5
10 (base 9) to base 13
9
Convert 102101 (base 3) to base 11.
25a
Convert -4 (base 13) to base 5.
-4
What is -10 (base 10) in base 11?
-a
103 (base 12) to base 9
173
68 (base 11) to base 10
74
Convert 2 (base 13) to base 6.
2
Convert -95 (base 15) to base 16.
-8c
Convert -38 (base 15) to base 14.
-3b
Convert 6 (base 12) to base 15.
6
2 (base 3) to base 15
2
Convert 18 (base 14) to base 3.
211
What is 14 (base 6) in base 10?
10
4 (base 5) to base 2
100
-ac (base 15) to base 13
-c6
-21 (base 9) to base 2
-10011
What is 1 (base 4) in base 13?
1
Convert 102221 (base 3) to base 9.
387
What is -6 (base 14) in base 6?
-10
What is 12 (base 14) in base 3?
121
Convert 134 (base 8) to base 9.
112
What is 3 (base 11) in base 10?
3
12 (base 12) to base 13
11
-141 (base 10) to base 2
-10001101
What is -14 (base 7) in base 9?
-12
Convert -5 (base 12) to base 5.
-10
564 (base 7) to base 6
1203
What is -5 (base 15) in base 3?
-12
Convert -5 (base 14) to base 15.
-5
Convert -10 (base 9) to base 7.
-12
What is -10 (base 3) in base 12?
-3
30 (base 4) to base 11
11
Convert -11 (base 4) to base 2.
-101
Convert 10 (base 6) to base 15.
6
2 (base 10) to base 9
2
Convert -1102 (base 3) to base 15.
-28
What is -13 (base 11) in base 4?
-32
Convert 10 (base 9) to base 7.
12
1120 (base 4) to base 15
5d
Convert -1 (base 12) to base 7.
-1
-2 (base 10) to base 11
-2
Convert 111010 (base 2) to base 12.
4a
-4 (base 7) to base 6
-4
-95 (base 10) to base 9
-115
What is 1000 (base 2) in base 3?
22
Convert 31 (base 11) to base 2.
100010
What is -175 (base 10) in base 5?
-1200
What is -5 (base 15) in base 5?
-10
Convert 28 (base 12) to base 10.
32
Convert 274 (base 9) to base 12.
171
Convert -46 (base 14) to base 9.
-68
-1 (base 4) to base 14
-1
-525 (base 6) to base 5
-1242
Convert bc (base 14) to base 4.
2212
What is -39 (base 12) in base 5?
-140
-27 (base 14) to base 13
-29
What is 3 (base 7) in base 8?
3
What is -186 (base 9) in base 11?
-135
Convert 100 (base 2) to base 8.
4
Convert 3 (base 5) to base 15.
3
Convert 4a (base 14) to base 5.
231
Convert -20 (base 5) to base 3.
-101
What is -142 (base 5) in base 7?
-65
-11100 (base 2) to base 12
-24
Convert 81 (base 11) to base 6.
225
-2020 (base 4) to base 14
-9a
-10 (base 12) to base 10
-12
25 (base 12) to base 8
35
What is 39 (base 12) in base 6?
113
1 (base 2) to base 4
1
What is -10 (base 2) in base 14?
-2
What is 134 (base 10) in base 12?
b2
Convert 3 (base 6) to base 14.
3
Convert 403 (base 5) to base 11.
94
Convert 214 (base 5) to base 3.
2012
13 (base 7) to base 11
a
What is -15 (base 7) in base 3?
-110
1111000 (base 2) to base 12
a0
2100 (base 3) to base 16
3f
What is 614 (base 8) in base 7?
1104
Convert f (base 16) to base 2.
1111
Convert 10 (base 14) to base 2.
1110
-224 (base 5) to base 8
-100
Convert 2 (base 6) to base 16.
2
Convert 1b (base 12) to base 10.
23
a7 (base 13) to base 6
345
-89 (base 12) to base 8
-151
10 (base 6) to base 13
6
-10 (base 15) to base 12
-13
What is 382 (base 9) in base 5?
2232
What is 110 (base 7) in base 6?
132
Convert -1 (base 10) to base 15.
-1
204 (base 9) to base 2
10100110
67 (base 8) to base 2
110111
-5 (base 14) to base 16
-5
Convert 1311 (base 4) to base 8.
165
What is -4c (base 15) in base 12?
-60
What is -1 (base 6) in base 7?
-1
Convert 4 (base 6) to base 4.
10
-b (base 13) to base 5
-21
Convert 1 (base 13) to base 16.
1
-12 (base 14) to base 7
-22
-3 (base 6) to base 7
-3
-11 (base 3) to base 14
-4
-3 (base 16) to base 5
-3
Convert -123 (base 5) to base 3.
-1102
Convert 34 (base 15) to base 14.
37
Convert 3 (base 8) to base 11.
3
-16 (base 13) to base 8
-23
Convert 36 (base 8) to base 14.
22
Convert 240 (base 8) to base 6.
424
What is -12 (base 10) in base 7?
-15
1102 (base 3) to base 7
53
-4 (base 7) to base 3
-11
88 (base 15) to base 10
128
What is -101 (base 2) in base 7?
-5
235 (base 6) to base 12
7b
What is -11 (base 6) in base 2?
-111
6 (base 11) to base 15
6
What is 2 (base 6) in base 13?
2
What is 18 (base 11) in base 16?
13
Convert -1 (base 8) to base 3.
-1
What is -105 (base 8) in base 16?
-45
2 (base 7) to base 13
2
Convert 2 (base 4) to base 14.
2
Convert -75 (base 13) to base 5.
-341
Convert 1301 (base 5) to base 2.
11001001
-31 (base 8) to base 10
-25
-33 (base 10) to base 9
-36
17 (base 14) to base 5
41
What is -453 (base 8) in base 2?
-100101011
Convert 11 (base 5) to base 3.
20
Convert 10210 (base 4) to base 14.
16c
What is 2 (base 6) in base 3?
2
What is 2 (base 3) in base 11?
2
Convert -3 (base 14) to base 10.
-3
Convert -5 (base 7) to base 10.
-5
10 (base 5) to base 9
5
Convert -38 (base 13) to base 12.
-3b
Convert -80 (base 16) to base 11.
-107
Convert 101101 (base 2) to base 9.
50
101 (base 4) to base 8
21
What is -1 (base 8) in base 5?
-1
Convert -b7 (base 14) to base 8.
-241
Convert -b (base 15) to base 3.
-102
Convert -89 (base 13) to base 12.
-95
-32 (base 8) to base 6
-42
Convert -6 (base 7) to base 2.
-110
What is -3 (base 6) in base 15?
-3
What is 4 (base 16) in base 4?
10
Convert 67 (base 12) to base 9.
87
1e (base 15) to base 4
131
-1040 (base 5) to base 14
-a5
What is -13 (base 8) in base 9?
-12
0 (base 6) to base 4
0
What is 29 (base 12) in base 3?
1020
Convert -110 (base 3) to base 14.
-c
Convert -5 (base 8) to base 2.
-101
What is -1001 (base 4) in base 12?
-55
What is 1000111 (base 2) in base 11?
65
What is c (base 15) in base 14?
c
-4 (base 5) to base 15
-4
What is -21 (base 15) in base 9?
-34
What is -d6 (base 15) in base 6?
-533
Convert -210 (base 7) to base 11.
-96
Convert 3 (base 9) to base 5.
3
23 (base 9) to base 10
21
Convert 12 (base 7) to base 4.
21
2 (base 8) to base 4
2
244 (base 7) to base 16
82
Convert -101 (base 3) to base 13.
-a
Convert -14 (base 11) to base 14.
-11
Convert -1 (base 9) to base 12.
-1
What is -73 (base 14) in base 3?
-10202
What is -2 (base 5) in base 14?
-2
Convert 103 (base 4) to base 7.
25
Convert 0 (base 6) to base 8.
0
Convert -21 (base 10) to base 6.
-33
What is -3 (base 11) in base 6?
-3
2 (base 12) to base 9
2
10 (base 12) to base 6
20
Convert b (base 12) to base 2.
1011
Convert 451 (base 7) to base 12.
174
-ab (base 12) to base 8
-203
1001000 (base 2) to base 13
57
10 (base 5) to base 9
5
100 (base 2) to base 13
4
What is -8d (base 15) in base 14?
-97
What is 4 (base 15) in base 4?
10
Convert -125 (base 8) to base 4.
-1111
Convert 1 (base 6) to base 4.
1
Convert 21 (base 5) to base 9.
12
Convert 210 (base 4) to base 7.
51
What is -6 (base 7) in base 5?
-11
-550 (base 6) to base 3
-21210
-78 (base 16) to base 3
-11110
10200 (base 3) to base 2
1100011
Convert 0 (base 6) to base 15.
0
Convert -2010 (base 3) to base 4.
-321
-2 (base 3) to base 15
-2
-1011 (base 2) to base 4
-23
Convert 21 (base 4) to base 15.
9
Convert 11 (base 11) to base 5.
22
What is -103 (base 7) in base 16?
-34
What is 22b (base 13) in base 9?
456
What is -20 (base 13) in base 5?
-101
What is 22 (base 6) in base 7?
20
Convert 3 (base 9) to base 13.
3
-8 (base 12) to base 9
-8
What is 103 (base 5) in base 9?
31
Convert -2 (base 7) to base 9.
-2
What is -5 (base 8) in base 9?
-5
62 (base 9) to base 16
38
Convert -52 (base 6) to base 8.
-40
-6 (base 14) to base 7
-6
What is -14 (base 7) in base 9?
-12
Convert -5e (base 15) to base 8.
-131
-1 (base 2) to base 14
-1
14 (base 6) to base 14
a
Convert -12 (base 9) to base 14.
-b
-a (base 16) to base 7
-13
What is 1 (base 6) in base 5?
1
What is 1120 (base 4) in base 9?
107
What is 0 (base 6) in base 3?
0
What is 1 (base 12) in base 16?
1
What is 3 (base 5) in base 